5
-2dba
-1130 (base 7) to base 10
-413
What is 202102 (base 3) in base 10?
551
53125 (base 6) to base 2
1110000001101
What is -1220000 (base 3) in base 6?
-10213
-5348 (base 10) to base 3
-21100002
What is 623 (base 10) in base 8?
1157
Convert -2346 (base 7) to base 3.
-1012010
What is -616 (base 15) in base 4?
-111123
What is 153 (base 11) in base 14?
cb
Convert 3125 (base 16) to base 5.
400311
What is 110101111 (base 2) in base 16?
1af
What is -3312 (base 6) in base 3?
-1001022
What is -93b (base 12) in base 9?
-1752
What is -2534 (base 6) in base 2?
-1001111010
What is 415 (base 15) in base 8?
1630
Convert -122160 (base 7) to base 16.
-5772
Convert 221046 (base 7) to base 10.
38793
What is -432 (base 16) in base 4?
-100302
-1662 (base 10) to base 7
-4563
314102 (base 5) to base 3
112102220
Convert -4746 (base 10) to base 15.
-1616
Convert 26a (base 12) to base 13.
226
Convert 478 (base 12) to base 9.
822
What is -819a (base 13) in base 4?
-10113100
Convert -100101101010110 (base 2) to base 11.
-13543
Convert 2303103 (base 4) to base 13.
52b9
-4121 (base 5) to base 15
-25b
Convert 2102200011 (base 3) to base 6.
1005351
1120102 (base 3) to base 14
5bb
-12122 (base 4) to base 7
-1124
What is -100103 (base 5) in base 9?
-4283
b9a (base 16) to base 3
11002000
Convert -30431 (base 6) to base 4.
-333103
Convert -30110230 (base 4) to base 11.
-34a18
110100001 (base 2) to base 3
120110
Convert -33122 (base 4) to base 10.
-986
Convert -2504 (base 6) to base 11.
-510
What is -1011011110 (base 2) in base 15?
-33e
What is -509 (base 14) in base 4?
-33131
What is -20214 (base 5) in base 8?
-2435
What is 46037 (base 8) in base 16?
4c1f
10111001101110 (base 2) to base 14
4490
Convert 3112 (base 4) to base 12.
15a
-143233 (base 8) to base 6
-1031215
What is -9c84 (base 15) in base 8?
-100657
Convert 272 (base 11) to base 10.
321
-56 (base 13) to base 9
-78
What is -5929 (base 11) in base 4?
-1321133
What is -7b6 (base 15) in base 4?
-123102
What is 1132002 (base 4) in base 7?
23355
What is 7eb3 (base 16) in base 14?
bb6b
Convert 3a5 (base 14) to base 11.
607
22b (base 12) to base 6
1255
Convert -10203113 (base 4) to base 16.
-48d7
Convert -1971 (base 12) to base 14.
-11c1
What is -176 (base 8) in base 11?
-105
What is -9299 (base 10) in base 14?
-3563
What is -7307 (base 11) in base 2?
-10010111010111
1378 (base 11) to base 4
123303
Convert 11323 (base 6) to base 4.
121203
Convert 1457 (base 10) to base 9.
1888
Convert -21202 (base 3) to base 8.
-321
Convert 76347 (base 8) to base 6.
404011
Convert 1262 (base 9) to base 12.
66b
1167 (base 13) to base 11
1929
Convert -100331 (base 4) to base 10.
-1085
Convert -2325 (base 9) to base 4.
-122330
Convert 3b1d (base 14) to base 6.
120115
533 (base 15) to base 14
5db
Convert 22040 (base 5) to base 10.
1520
-4450 (base 6) to base 8
-2016
Convert -110000010110 (base 2) to base 9.
-4217
What is -44 (base 14) in base 7?
-114
What is 153134 (base 6) in base 9?
22464
770 (base 10) to base 14
3d0
Convert 1325 (base 6) to base 3.
110122
Convert -8357 (base 9) to base 6.
-44211
What is -116b (base 15) in base 8?
-7165
Convert 1363 (base 8) to base 14.
3bd
Convert -453 (base 16) to base 11.
-917
-34119 (base 10) to base 12
-178b3
What is -13306 (base 14) in base 9?
-71721
What is 100011011000 (base 2) in base 10?
2264
Convert -42002 (base 6) to base 10.
-5618
What is -66456 (base 7) in base 11?
-11603
Convert 18b4 (base 14) to base 10.
4470
Convert 24957 (base 10) to base 13.
b48a
What is -134 (base 7) in base 10?
-74
Convert 331014 (base 6) to base 8.
65462
Convert 1374 (base 16) to base 8.
11564
Convert -6613 (base 9) to base 7.
-20130
1110100001 (base 2) to base 3
1021102
What is -111 (base 4) in base 15?
-16
-90 (base 14) to base 6
-330
-310 (base 5) to base 4
-1100
-5372 (base 9) to base 8
-7561
1061 (base 7) to base 8
602
What is -1089b (base 12) in base 9?
-33162
2102 (base 3) to base 11
5a
What is -42376 (base 8) in base 5?
-1031122
-1225 (base 10) to base 4
-103021
What is 541 (base 14) in base 13?
61a
Convert -313044 (base 5) to base 3.
-112021011
Convert -3123203 (base 4) to base 8.
-33343
What is 11111000001111 (base 2) in base 11?
10a33
Convert -1201 (base 9) to base 13.
-538
What is 463 (base 11) in base 13?
337
What is -110201 (base 3) in base 2?
-101010111
What is eb6 (base 16) in base 10?
3766
Convert 2217 (base 10) to base 3.
10001010
What is 12122 (base 3) in base 16?
98
What is -21852 (base 10) in base 5?
-1144402
What is -14600 (base 9) in base 13?
-46c5
What is 21150 (base 6) in base 3?
10221110
Convert 22203 (base 5) to base 14.
7cd
What is -41035 (base 7) in base 4?
-2123311
26b8 (base 16) to base 2
10011010111000
Convert -3200 (base 7) to base 15.
-502
What is 31434 (base 8) in base 4?
3030130
What is -100341 (base 5) in base 9?
-4368
What is -99d (base 15) in base 9?
-2874
113524 (base 6) to base 11
74a5
10213 (base 4) to base 14
171
What is 232 (base 10) in base 9?
277
-18d6 (base 15) to base 8
-12400
11732 (base 8) to base 2
1001111011010
Convert -5ac (base 15) to base 12.
-8b3
-1111002100 (base 3) to base 2
-111001000100111
What is -124664 (base 7) in base 10?
-23321
What is -69 (base 13) in base 7?
-153
What is -1890 (base 14) in base 6?
-32314
Convert -10440 (base 6) to base 10.
-1464
Convert -22a1 (base 12) to base 2.
-111100011001
What is -308 (base 11) in base 16?
-173
Convert -12002010 (base 3) to base 11.
-2866
What is -4a16 (base 15) in base 10?
-15771
What is d5b (base 14) in base 3?
10121101
Convert 50643 (base 7) to base 2.
11000000101010
Convert -1333233 (base 4) to base 7.
-32556
What is 1c7 (base 13) in base 4?
11030
Convert -30516 (base 7) to base 5.
-214321
Convert -3144423 (base 5) to base 15.
-10b0d
Convert -6477 (base 9) to base 13.
-222a
Convert -3467 (base 16) to base 3.
-200101212
Convert -2521 (base 10) to base 7.
-10231
Convert -351 (base 8) to base 13.
-14c
What is b4a (base 15) in base 13?
120a
Convert -1101010111101 (base 2) to base 10.
-6845
Convert 21020 (base 7) to base 14.
1c47
-626 (base 13) to base 6
-4502
What is 92a (base 16) in base 11?
1843
What is -2212220 (base 3) in base 14?
-aa3
2014120 (base 5) to base 8
77232
-123323 (base 8) to base 9
-64522
What is 442144 (base 6) in base 12?
19354
-123124 (base 5) to base 12
-2931
-2010001 (base 3) to base 15
-6ca
What is -74036 (base 8) in base 2?
-111100000011110
What is 25474 (base 8) in base 9?
16157
5447 (base 10) to base 16
1547
-29a3 (base 11) to base 13
-19b3
Convert 999 (base 15) to base 16.
879
What is 467 (base 12) in base 9?
807
What is b7 (base 16) in base 13?
111
What is 1001010110001 (base 2) in base 3?
20120020
-c7c7 (base 16) to base 8
-143707
-1011020121 (base 3) to base 11
-16127
-2209 (base 15) to base 16
-1c29
Convert 12437 (base 8) to base 4.
1110133
What is -195b (base 12) in base 7?
-12011
Convert 2973 (base 13) to base 9.
8216
What is -10301 (base 7) in base 14?
-d01
What is 10421 (base 5) in base 11?
60a
What is -1281 (base 11) in base 6?
-11410
What is 33c (base 16) in base 9?
1120
Convert -3a46 (base 16) to base 11.
-10232
Convert -110100000001 (base 2) to base 5.
-101304
-7d93 (base 16) to base 7
-162503
What is -110011001110010 (base 2) in base 15?
-7b86
Convert -235522 (base 6) to base 9.
-31365
What is -10222310 (base 4) in base 16?
-4ab4
What is -251010 (base 6) in base 2?
-101011011101110
What is 1121021 (base 3) in base 5?
14133
What is -712 (base 12) in base 11?
-84a
Convert -318 (base 15) to base 12.
-4a2
Convert -315 (base 11) to base 9.
-461
Convert -348 (base 11) to base 15.
-1ca
What is -28b (base 12) in base 14?
-203
-10310 (base 7) to base 10
-2555
What is -66a1 (base 11) in base 9?
-13083
Convert 955 (base 10) to base 15.
43a
44 (base 13) to base 2
111000
Convert a71 (base 12) to base 13.
904
2110210012 (base 3) to base 16
be2e
11610 (base 8) to base 13
2378
What is -dd2 (base 16) in base 9?
-4761
What is 11366 (base 7) in base 6?
21335
What is -29a5 (base 13) in base 2?
-1011110100010
-110011 (base 2) to base 7
-102
What is -1484 (base 15) in base 7?
-15553
What is -2203 (base 4) in base 9?
-201
Convert 2454 (base 6) to base 10.
610
-220 (base 10) to base 9
-264
Convert 31286 (base 9) to base 8.
50254
What is -12020 (base 7) in base 2?
-110000011101
Convert -252c (bas